of 16 and p.
8
Let a be 2 - ((0 - -1) + 2). Let r = -1 - a. Suppose r = 4*x - 6 - 6. Calculate the highest common divisor of 12 and x.
3
Let k = 8 - 6. Suppose -u - k*u = -15. Suppose 4*b = -u*m, -3 = -3*b - m + 8. Calculate the greatest common factor of 55 and b.
5
Let n = -38 - -55. Let f(y) = y**2 + 14*y + 2. Let w be f(-15). What is the highest common divisor of n and w?
17
Let o(y) = 66*y**2 + y. Suppose 5*t - 8 = t. Let d be 3/(-3 - 3)*t. Let j be o(d). What is the highest common factor of 13 and j?
13
Let o be 10/(-50) + (-2 - (-382)/10). Calculate the highest common divisor of 54 and o.
18
Suppose l - 33 = -0*l. Suppose -5*f + f = 5*b + 5, -3*f + 10 = b. Let d be 11*4/20*f. What is the highest common divisor of d and l?
11
Suppose -2*b + 26 = 5*p, -3*b - 5*p + 1 = -28. What is the greatest common factor of 27 and b?
3
Suppose 2*s = -12 + 14. What is the highest common divisor of s and 4?
1
Let p be ((-3)/9 - 0)*-12. Let a be ((-6)/p)/(6/(-16)). Calculate the highest common factor of a and 6.
2
Let t = 18 - 14. Suppose 0*n + c = 2*n - 14, t*c + 26 = 2*n. What is the greatest common divisor of n and 45?
5
Suppose 6 = 2*j + 4. Suppose n - 10 = -u, -u + 28 = 5*n - 2*n. Suppose -4*p + n = -3*p. Calculate the greatest common factor of p and j.
1
Suppose 2*s = -s. Suppose s = -0*w + 3*w - 21. Calculate the greatest common divisor of 7 and w.
7
Let z(c) = -5*c - 10. Let g be z(-3). What is the highest common divisor of g and 55?
5
Let d be 3*6/(-63)*(-22 - 6). Suppose t + 0*t = 32. Calculate the highest common factor of t and d.
8
Suppose 2*j - 37 = -11. Let n = 21 + -8. Calculate the greatest common divisor of n and j.
13
Let s(l) = l - 3. Let q = 17 + -13. Let d be s(q). Calculate the greatest common divisor of d and 9.
1
Suppose -3*b = 3*s - 2*b - 11, 5*s - 22 = 2*b. What is the highest common divisor of 4 and s?
4
Let w(q) = 18*q**2 + q. Let p be w(-2). Let l = -6 + 11. Suppose 0 = -l*g + 6 + 64. What is the greatest common factor of g and p?
14
Let r be 6/1*6/2. Let s be (-2*r*1)/(-1). What is the greatest common factor of s and 9?
9
Let u be (370/(-40) - (-1)/2)*-4. Calculate the greatest common factor of 42 and u.
7
Let p(g) = 2*g**3 - 3*g**2 + 2*g - 2. Let a be p(2). Suppose -4*r + 41 = -7. What is the greatest common factor of a and r?
6
Let c(y) = y**2 + 6*y + 9. Let k be c(-6). Let d be 2 - 0*1/(-2). Suppose 4 = 4*w - 5*o - 0, 2 = d*w + o. What is the greatest common divisor of k and w?
1
Let x(c) be the third derivative of 11*c**4/6 + 4*c**2. Let f be x(4). What is the greatest common factor of f and 16?
16
Suppose 3*b - 1 = -4*l - 0*b, -l - 1 = b. Suppose -v + 12 = 2*m, -11 - 41 = -l*v - 4*m. Calculate the highest common factor of 42 and v.
14
Let n be 0 + -3*(-2)/6. Let o be -1 + ((-9)/(-3) - 1). Calculate the greatest common factor of n and o.
1
Let q be (-24)/(-15) - (-6)/15. Let a = 6 - q. Suppose -a*b - 12 + 100 = 0. Calculate the greatest common factor of b and 33.
11
Let t = -5 - -23. Calculate the highest common factor of t and 24.
6
Let i(k) = 5*k**2 + 2*k + 8. Let z be i(5). What is the greatest common divisor of z and 13?
13
Let g = -48 + 67. Calculate the greatest common factor of 209 and g.
19
Let y(c) = -c + 1. Let t be y(-1). Let u(v) = 73*v - 1. Let i be u(t). Let j = i - 67. Calculate the greatest common divisor of 13 and j.
13
Suppose -6*k - 108 = -4*a - 8*k, 3*a - 5*k = 55. Let c(j) = j + 10. Let v be c(-5). Calculate the highest common divisor of a and v.
5
Suppose 17 = 2*s - 5*g, 0 = -3*s - 5*g + 2*g - 6. What is the highest common factor of 13 and s?
1
Suppose 0 = -4*c + 4*d + 116, 7*c + 5*d - 79 = 4*c. Let y(j) = 14*j. Let i = 11 - 8. Let t be y(i). Calculate the highest common divisor of c and t.
14
Let y = -5 - -10. Suppose -4*j - 17 = -4*i - j, y*i - 20 = 4*j. Let s = -13 - -21. Calculate the greatest common factor of s and i.
8
Let a = -2 + 2. Let s be 4/((a + 1)/9). Let m(b) = -b**3 - 2*b**2 - b - 3. Let q be m(-3). Calculate the highest common divisor of s and q.
9
Let j be (0 + 28)/((1 - 2)*-2). Let u = 24 + -10. What is the highest common factor of u and j?
14
Let r = 120 - 84. What is the highest common divisor of 60 and r?
12
Suppose -3*t + 247 = 52. Let x = 5 - 2. Let k = x - -10. What is the highest common factor of t and k?
13
Suppose 0 = -3*i - 0*i + 45. Let a = -4 + 7. Suppose 5*l = 2*u - i, -a*l = l - 12. What is the greatest common divisor of u and 120?
15
Let o = 13 - 3. Let h = o - -13. What is the greatest common factor of h and 46?
23
Let i be 1/(3/(-9)*-1). Let u = i - 2. Suppose f - h - 2*h = u, 3*h = -4*f + 64. What is the greatest common divisor of 13 and f?
13
Let m = 22 - -86. Suppose 3*f - 2*o - 18 = 3*o, o = 3*f - 6. Let p(i) = 12*i**3 + i**2 - 1. Let r be p(f). What is the highest common factor of r and m?
12
Let k be (-9)/(-3) + (2 - 1). Let j be k/(-6) + 14/3. Suppose 3*v - v - j*u = 88, 128 = 3*v - 2*u. What is the greatest common factor of v and 105?
21
Suppose -4*s - 80 = -9*s. Suppose 0 = -m - 0*m - 22. Let z be (-524)/m + 4/22. Calculate the highest common factor of s and z.
8
Suppose -7*c + 3*c + 5*l - 1 = 0, 0 = -5*c - 5*l + 10. Let k be c + -6*2/(-3). What is the highest common divisor of 10 and k?
5
Let c(w) = w**2 - w - 4. Let f be c(3). Suppose -20 = 2*z - 7*z, -o - 4 = -f*z. What is the greatest common divisor of 1 and o?
1
Let a = 44 - 29. Let w be 6/a + 2469/15. Calculate the highest common divisor of w and 15.
15
Suppose -5*t - 1 = -16. Suppose -2*n - j + 5 = 0, -4*n - 4*j - 7 + 23 = 0. What is the greatest common factor of t and n?
1
Let l be (-5)/(-2)*12/10. Let p = 3 + 0. Calculate the greatest common divisor of p and l.
3
Let f = 0 + 2. Let b be f/((-2)/(-1)*-1). Let u(t) = -153*t + 1. Let d be u(b). What is the greatest common divisor of d and 14?
14
Let q(d) = -3*d + 4*d - 3 - 5. Let t be q(9). Let i be (-2 - t)*20/(-6). Calculate the highest common divisor of i and 110.
10
Let s = -5 - -3. Let h be 1 + 0 + s + 9. Suppose -10*u + 6*u + 80 = 0. Calculate the highest common divisor of u and h.
4
Let l(h) = -4*h + 2. Let f be l(-1). Suppose 0 = -m + f*m - 55. What is the highest common divisor of m and 22?
11
Let x(a) be the third derivative of a**4/12 - 3*a**3 + a**2. Let w be (0 + -1)*12*-1. Let m be x(w). Calculate the greatest common factor of 3 and m.
3
Let m be (0 - 1)*1 - -9. Suppose -2*c + 3*d - 19 = -6*c, -4*d + 19 = -c. What is the highest common factor of m and c?
1
Let o = 240 - 212. What is the highest common factor of 4 and o?
4
Suppose v = 2*v - k - 16, -4*k - 40 = -2*v. Let x be (v/(-2))/(14/(-21)). What is the highest common divisor of x and 9?
9
Let i = 86 - 84. What is the greatest common divisor of i and 46?
2
Suppose -43*h + 252 = -41*h. Calculate the greatest common divisor of h and 14.
14
Let p be 1/(-3)*(-95 - 1). Let c be (p/6)/(2/3). Calculate the highest common factor of c and 12.
4
Let q = 5 - 4. Calculate the highest common factor of 3 and q.
1
Suppose 2*k + 638 = 3*l, -3*l - 1085 = -8*l - k. Let n(j) = -12*j. Let a be n(-2). Calculate the highest common factor of a and l.
24
Let z be 4 + -2 + 5 - 3. Suppose 2*c = -3*s - 3*c + 59, -60 = -z*s - 2*c. Calculate the highest common divisor of s and 91.
13
Suppose -11*d - 2*d = -104. Calculate the highest common factor of 64 and d.
8
Let x(n) = -5*n - 27. Let y be x(-15). What is the highest common factor of 24 and y?
24
Let v(q) = 7*q + 6. Let j be v(12). Let o = 113 + -77. What is the highest common factor of j and o?
18
Let o(k) = -k + 3. Let x be o(6). Let j be ((-26)/x)/((-2)/(-27)). Suppose j + 171 = 4*g. Calculate the highest common divisor of 9 and g.
9
Suppose -j = k + 2*j - 19, 2*k = 3*j + 47. Calculate the greatest common factor of 44 and k.
22
Let k(d) = d**2 - d. Let j be k(-4). Suppose -2*w - 2*y + 8 = -10, 3*w - 6 = 4*y. Suppose -160 = 5*x - w*x. Calculate the highest common divisor of j and x.
20
Let c be (-2)/(1/((-74)/(-4))). Let z be (-146)/(-4)*(-2 - 0). Let m = c - z. Calculate the highest common factor of m and 12.
12
Let l(d) = -4*d - 1. Let f be l(-1). Suppose 3*i + 2*n - 34 = 0, 0*i + 3*n - 21 = -2*i. Suppose -i = -3*c - c. Calculate the greatest common factor of f and c.
3
Suppose 11*c = 13*c - 68. What is the highest common divisor of 51 and c?
17
Suppose